-4)/18. Suppose -o + 2*b = -266, -19*o = -18*o + 4*b - y. List the prime factors of o.
2, 17
Let y be (-2*3/(-12))/((-2)/(-8)). Let w be (13/y + 4)/((-2)/(-4)). What are the prime factors of -2*w*20/(-8)?
3, 5, 7
Let v be (5 - -10)/5 - (-2 - 0). Suppose -7*i = -v*i + 4*k - 2192, 3*k = 0. What are the prime factors of i?
2, 137
Let i(h) = 3*h**3 - 5*h**2 + 4*h + 14. Let p be i(6). Suppose 0 = 5*u - p - 369. List the prime factors of u.
5, 7
Let g(k) = k**3 + 29*k**2 - 37*k - 78. Let y be g(-30). Let q = y + 52. List the prime factors of q.
2, 23
Let v = -45159 - -70547. List the prime factors of v.
2, 11, 577
Let s(n) = -n**3 - 21*n**2 + 20*n - 58. Let o(u) = -2*u**3 - 41*u**2 + 40*u - 114. Let d(a) = -3*o(a) + 5*s(a). List the prime factors of d(-12).
2, 17
Let c = -6063 - -8857. Suppose 2*b - 2*z - c = -2*b, 5*b - 3494 = 2*z. What are the prime factors of b?
2, 5, 7
Let m = -16246 - -33907. Suppose -60*o + 39*o + m = 0. List the prime factors of o.
29
What are the prime factors of (17476/(-6))/(9/63*6/(-9))?
7, 17, 257
What are the prime factors of ((-70)/6)/(-11*19/300333)?
5, 7, 479
Let z(n) = -65*n**3 + 0 - n**2 - 43*n**3 - 2 - 3*n. Let b be z(-1). Suppose 0 = -b*w + 103*w + 85. What are the prime factors of w?
17
Let c(r) = -r**3 + 2*r**2 + 5*r - 6. Let s be c(3). Let h be 220/4 + s + 0 + -2. Let b = -34 + h. List the prime factors of b.
19
Let i be 2*2 - (-375 + -11). What are the prime factors of 3 + 3 + -2 + i?
2, 197
Let x = -123 + 258. Let l(z) = z**3 + 26*z**2 - 56*z + 5. Let q be l(-28). Suppose 595 = q*d - x. What are the prime factors of d?
2, 73
Let j(v) = -v**3 - 3*v**2 + v. Let d be j(-6). Let z be d/42 - 4/(-7). Suppose 4*k = z*o - 5*o + 196, 4*k - 90 = -o. What are the prime factors of o?
2, 53
Suppose -4*u + 59*u = -45*u + 814800. What are the prime factors of u?
2, 3, 7, 97
Suppose 6*m - m + l = 34343, 13736 = 2*m + l. What are the prime factors of m?
6869
Let m(l) = l**3 + 179*l**2 + 220*l + 1215. What are the prime factors of m(-177)?
3, 8311
Let h be (-551)/(-12) - 12/(-144). Let a(j) = -j**3 + 47*j**2 - 41*j + 52. List the prime factors of a(h).
2, 3, 47
Let g(v) = -14*v. Let z(p) = 55*p - 26. Let x(b) = 6*g(b) + 2*z(b). Let q be 2/(-4) + (-38)/(-4). List the prime factors of x(q).
2, 7, 13
Let o(u) = -6*u - 1. Let h be o(-5). Let n be (180/72)/(2/(-4))*-11. Let i = h + n. List the prime factors of i.
2, 3, 7
Suppose 3*h = -2*a + 104527, -3*a + 11067 + 145771 = -5*h. List the prime factors of a.
167, 313
Suppose -36*w - 4903239 = 26948229. List the prime factors of 6/(-51) + w/(-561).
19, 83
Let n(r) = -r**2 + 82*r - 95. What are the prime factors of n(61)?
2, 593
Let b(p) = 13*p**2 - 5 - 11*p - 15*p**2 + 0*p**2. Let v be b(-5). Suppose v = -5*o + 2*d - d + 470, 0 = 2*d. What are the prime factors of o?
2, 47
Suppose 3*i = 4*a - 42073, 5*a - 155*i = -158*i + 52544. List the prime factors of a.
10513
What are the prime factors of (-1 + 1854/(-12))/(228/(-56) + 4)?
7, 311
List the prime factors of 4/(-14) - 6913450/(-1414).
4889
Suppose -c + 15059 = y, 1823*c = y + 1821*c - 15080. What are the prime factors of y?
2, 3, 31
Let q(z) = 34*z**3 - 18*z**2 + 46*z - 95. List the prime factors of q(12).
11, 5147
What are the prime factors of (-36)/(-18)*(-100696)/(-16)?
41, 307
Let u = -148 - -68. Let d be (1 + (-1)/2)/((-40)/u). What are the prime factors of (d - 3 - -8)*26?
2, 3, 13
Let w(t) = 5*t + 0*t - t + 0*t - 11. Let s be w(2). List the prime factors of 1 - (-960)/(s - -8).
193
Let c = -382 + 384. Suppose 6*v = c*v - 2*g + 902, 215 = v - 3*g. List the prime factors of v.
2, 7
Let r(l) be the first derivative of -27*l**2/2 - 3*l - 54. Let o be 4/(-2 - 3 - -3). List the prime factors of r(o).
3, 17
What are the prime factors of ((-3393)/(-2 + 5))/(-11 + 13580/1240)?
2, 13, 29, 31
Let s(u) = 19*u**2 + 5. Let q be s(2). Suppose q*w - 344 = 79*w. List the prime factors of w.
2, 43
Suppose -a + 19 = 5*j - 0*a, -3*j + 14 = -2*a. What are the prime factors of 12/4 - 156/(2 - j)?
3
Let p(q) be the first derivative of q**4/4 + 8*q**3/3 - 3*q**2/2 + 10*q - 10. Let b be p(-8). Suppose j = 22 + b. What are the prime factors of j?
2, 7
List the prime factors of -1 + (-17 - 180/(-12)) + (-53550)/(-2).
2, 3, 23, 97
Let z be (-12)/30 + (-1120)/(-50). Suppose z*a - 17107 - 2297 = 0. What are the prime factors of a?
2, 3, 7
Suppose -q + 52721 = r, -4*r - 12*q + 7*q + 210891 = 0. What are the prime factors of r?
2, 26357
Let j(b) = -b**3 + 55*b**2 - 17*b + 815. List the prime factors of j(42).
31, 743
Let w(b) = 443*b + 196. What are the prime factors of w(15)?
6841
Let f = 93 - 88. Suppose 4*p - p + 3*l = 2556, -2566 = -3*p - f*l. List the prime factors of p.
7, 11
Let q = 15 - 9. Suppose -11*o + q*o - 15 = 0. List the prime factors of (o/(-6))/(5/1290).
3, 43
Let x = 4595 + -7751. List the prime factors of x/(-18)*(-18)/(-12).
263
Let t(m) = m + 3. Let f be t(-4). Let c be 307 + (-3 - f) + 0. Suppose -c = -32*d + 27*d. What are the prime factors of d?
61
Suppose 2*y + 24 = -3*m - 6, 0 = y + 2*m + 13. Let p(o) = -42*o + 136. List the prime factors of p(y).
2, 509
Suppose 0 = 5*x + 25, 11407 = 4*r - 4*x - 19117. What are the prime factors of r?
2, 3, 31, 41
Let z(y) = 4*y**2 + 18*y + 10. Let h be z(-4). What are the prime factors of 2198/(-42)*(-12)/h?
2, 157
Suppose 8*g + 4*k - 14335 = 3*g, -2*k - 14305 = -5*g. Suppose -7*z + g = 931. Suppose 3*a - z = -a. What are the prime factors of a?
3, 23
Suppose -47*g + g + 5771 + 498849 = 0. List the prime factors of g.
2, 5, 1097
Suppose 0 = -8*n + 6*n - b + 25738, 5*n + 4*b - 64342 = 0. What are the prime factors of n?
2, 3, 5, 11, 13
Suppose -4*z = -43 - 293. Let b be (-10)/40 - (-126)/56. Suppose i - n - 59 = 0, b*i - 4*n = 3*i - z. What are the prime factors of i?
2
Let j(y) = 6725*y - 211. What are the prime factors of j(2)?
3, 1471
What are the prime factors of 6/(24/28) - (-3)/3*15918?
5, 7, 13
Suppose -2*n = 5*p - 22, -p - n + 3*n + 2 = 0. Suppose 5*f + 1305 = 5*t - 0*f, f = -p*t + 1049. What are the prime factors of ((-33)/6 - (-3)/2) + t?
2, 3, 43
Let z(h) = 139*h**2 - 21*h + 31. List the prime factors of z(4).
13, 167
Suppose 2*p - d = 43731, 0 = -5*p + 470*d - 473*d + 109300. List the prime factors of p.
21863
Suppose -15 = 5*p - 4*o + 7, -3*p - 3*o + 3 = 0. Let s be 37 + 1 + 2 - -3. List the prime factors of p + (s - (-3 - -4)).
2, 5
Let o = 38564 + -13715. List the prime factors of o.
3, 11, 251
Suppose -8574 = -2*n + 23*f - 27*f, -5*n + 5*f = -21525. List the prime factors of n.
3, 1433
Let c be -3 - (6 - 80*8). Let y = 287 - -666. Suppose -8*z = -y - c. List the prime factors of z.
2, 3, 11
Let j(p) = 24*p - 156. Let b be j(22). Let a = -45 + b. What are the prime factors of a?
3, 109
Let l(j) = 2*j**2 + 4*j + 1. Let r be l(-3). Suppose r + 101 = -2*c. Let d = -6 - c. What are the prime factors of d?
2, 3
Let d be 57/18 + (-21)/126. What are the prime factors of 643 + (d - 39)/(-6)?
11, 59
Suppose 2*f + 10*f = 12. Let c(x) = 84*x**3 - 4 + x**2 + 2*x - 4 + 6. List the prime factors of c(f).
5, 17
Suppose 139*o - 529461 = 1134925. List the prime factors of o.
2, 5987
Suppose -285*f = -280*f - 4*m - 1241, -1295 = -5*f - 5*m. What are the prime factors of f?
11, 23
Let r(x) = -5*x + 8*x + 2 - 5*x**2 + 13*x**2. Let d be r(-1). Suppose d*k - 3080 = -7*k. What are the prime factors of k?
2, 5, 11
Let s(q) = 31*q**3 - 2*q - 1. Let f be s(-1). Let r be 86/(-43) + 7/1. What are the prime factors of (46/(-4))/(r/f)?
3, 23
Let b = 23 - 21. Suppose 400 = -2*g + b*x, 0 = -3*g + x - 3*x - 610. Let y = -98 - g. What are the prime factors of y?
2, 13
Let n(i) = -2*i**2 - 33*i - 32. Let k(y) = -y - 10. Let p be k(-13). Suppose 77 = -5*g - 2*b, p*b - 10 = 3*g + 32. List the prime factors of n(g).
13
Suppose h + 10 = -4*h - 5*v, -2*h - 6 = 4*v. Suppose 172 = 770*d - 766*d. List the prime factors of (-1 - h/1) + d.
43
Let i be (7 - -2)/(-18) + 26/(-4). Let q(s) be the third derivative of -2*s**4/3 - 8*s**3/3 - 4*s**2. What are the prime factors of q(i)?
2, 3
Suppose -3*d + 6 = -5*f, 4 = -3*f + 2*d - 0*d. Suppose f = -5*w - 4*w + 3276. List the prime factors of w.
2, 7, 13
Suppose 181142 = 44*t - 271222. List the prime factors of t.
3, 23, 149
Suppose -4*p = 4*i - 92, -4*p + 2*i + 30 + 44 = 0. Supp